13)?
2, 3, 5, 103
Suppose -2*b - c - 34382 = 0, c + 13082 = -3*b - 38490. Let x = 11145 + b. List the prime factors of 2*(-4)/44 + x/(-33).
3, 61
Let u be 4 - 2 - (3 + (-18)/3). Let j be 1 - 3 - 411*u/(-15). Let d = 323 - j. List the prime factors of d.
2, 47
Let l(g) = -4*g - 8. Let z be l(-3). Let d(c) = 0*c + z - 33*c**3 - 111*c**2 - c + 112*c**2. List the prime factors of d(-2).
2, 137
Let x = 11122 - 4025. List the prime factors of x.
47, 151
Let v(s) = -s**2 - 3*s + 5. Let n be v(-3). Suppose 5*f = n*p, -2*f = 2*f + 5*p + 27. Let d(c) = -24*c - 24. What are the prime factors of d(f)?
2, 3
Let c = 32 + -29. Suppose -m - c*m + 16 = 0. Suppose 4*s - 40 = -2*w + m, -3*s - 44 = -4*w. List the prime factors of w.
2, 7
Suppose v + v = -y + 2297, -2*y + 1150 = v. Suppose -3017 = -5*p + v. What are the prime factors of p?
7, 17
Let u be 0 - 9/3 - 30/(-10). Suppose 36*j - 44*j + 3240 = u. List the prime factors of j.
3, 5
Let q(m) be the third derivative of 0 - 14/3*m**3 + 0*m - 1/4*m**4 - 7*m**2. What are the prime factors of q(-12)?
2, 11
Suppose -44 = -13*u + 632. Suppose -u*k - 410 = -54*k. List the prime factors of k.
5, 41
List the prime factors of ((-1)/6 - 25/150)*(-14259)/1.
7, 97
Suppose u = -z - 0*u + 4, -2*z - 5*u = -8. Suppose -24*c = -5*o - 19*c + 1400, -842 = -3*o + z*c. What are the prime factors of o?
2, 139
Let f(s) = -2*s**3 - 2*s**2 + s + 2. Let p(y) = y**3 - 6*y**2 + 8*y - 3. Let x be p(3). Let k be f(x). Suppose 0 = -13*i + 9*i + k. List the prime factors of i.
89
Let f(x) = -105*x + 6488. List the prime factors of f(-111).
18143
Let f = -13 - -19. Let s = -1077 + 1082. Suppose -5 = -s*j, 5*z + 238 = f*z + 5*j. List the prime factors of z.
233
Let s be (-1)/10 + (476199/90 - -11). Suppose 22*g = -0*g + s. List the prime factors of g.
241
What are the prime factors of 13673 - (-8)/((-16)/(-2))?
2, 3, 43, 53
Let z(s) = 207*s**2 - 3*s + 28. List the prime factors of z(6).
2, 7, 13, 41
Let u(w) = -w**3 + 31*w**2 + w - 21. Let z be u(31). What are the prime factors of ((-52)/6)/(((-50)/45)/z)?
2, 3, 13
Let o(t) = -t**3 - 2*t**2 - 111*t + 895. What are the prime factors of o(-33)?
38317
Suppose -4*y = 12, -4*f + 0*f = -5*y + 33. What are the prime factors of 98/(-8)*(f - -10 - 10)?
3, 7
Let f(a) = a**2 - 8*a + 3. Let o be f(8). Let k be (1 - -8 - 1)/(146/9344). Suppose -k = 5*r - i - 1295, 0 = 4*r - o*i - 633. What are the prime factors of r?
2, 3, 13
Let d = 127 - 122. Suppose d*b + 3*q - 3697 = 0, 0*q - 2*q = 2. List the prime factors of b.
2, 5, 37
Let o = 39 + -29. Let c(y) = 7*y**2 - 4 - 5 + 5 - 3 + o*y. What are the prime factors of c(-5)?
2, 59
Suppose 4*s - 56 = z, -5*s = 4*z - s + 264. Let f = -140 - -99. Let k = f - z. List the prime factors of k.
23
Let q be ((-1)/2 + 0)*(-246 - -10). Suppose 2*a + 4*v + 44 = 0, -v - q = 5*a + v. Let k = a + 77. List the prime factors of k.
53
Let p(g) = g**3 - 26*g**2 - 152*g + 142. What are the prime factors of p(37)?
61, 157
Let w(r) = -r + 7. Suppose 0 = 14*k - 9*k - 30. Let l be w(k). What are the prime factors of (l - 5 - -52) + 0?
2, 3
Let m = 250 - 214. List the prime factors of m*9*(5/(-2) - -4).
2, 3
Let r(l) = -43*l - 17. Let q be r(-5). Let i = -135343 + 89429. What are the prime factors of 1/9 - i/q?
2, 29
What are the prime factors of (110/6)/(15/14895) - (5 + -2)?
2, 19, 479
Suppose 5*f - 79859 = -2*v + 63571, 57372 = 2*f - 2*v. List the prime factors of f.
2, 3, 7, 683
Let j(w) = 29*w**2 + 24*w + 5. List the prime factors of j(16).
13, 601
Suppose 2*u + 14 = 9*u. Let y(v) = -6 + 11*v + 41*v**2 + 46*v**2 - 88*v**u. What are the prime factors of y(6)?
2, 3
Suppose -38*x + 308473 = -64573. What are the prime factors of x?
9817
Let c = 2188 + 548. What are the prime factors of c?
2, 3, 19
Suppose -2*n + 59289 + 16693 = 2*r, -2*n + 189958 = 5*r. What are the prime factors of r?
2, 3, 1583
Let a be (-114659)/7 + 5/(-35). List the prime factors of 2/4 + a/(-24).
683
Let f be (-3)/7 - ((-3832)/28)/2. Suppose -f*k = -63*k. Suppose -70 = -b - o - 2*o, -b + 2*o + 95 = k. What are the prime factors of b?
5, 17
Suppose -422*v - 214*v + 36209376 = -132*v. What are the prime factors of v?
2, 3, 5987
Suppose -2*h + 1 = -1. Suppose -2*j + 7 - h = 0. Suppose 0 = -5*g - 2*x + 110, -j*g - 3*x - 63 = -5*g. What are the prime factors of g?
2, 3
Let a be ((-13)/((-325)/(-30)))/(2/(-70)). Let j = 381 - a. List the prime factors of j.
3, 113
Let q(u) = -u**3 - 8*u**2 - 8*u - 7. Let p be q(-7). Suppose 3*h - 54 - 84 = p. What are the prime factors of (0 - -1*12)*h/3?
2, 23
Suppose -669 = -2*k + 3*u, -4*k = -0*u - 4*u - 1332. Suppose k = -2*j + 4*x, 3*j + 2*j - x + 852 = 0. Let q = j - -289. What are the prime factors of q?
2, 59
Let m(f) = f**3 - 7*f**2 + 10*f - 9. Let l be m(6). Let j be 1*-5*((-189)/l - 0). List the prime factors of j + 10 - (6 - 1).
2, 17
Suppose 2*r + c + c + 8 = 0, -4*r - 2*c = 12. What are the prime factors of (-43824)/(-121) + 1/11*r?
2, 181
Let i(s) = 4*s**3 - 19*s**2 - 48*s - 158. List the prime factors of i(16).
2, 5297
Let x(k) = -k**2 - 6*k + 26. Let n be x(-8). Let f be (-2 + 15/n)*(0 - 4). Suppose -301 + 119 = -f*c. List the prime factors of c.
7, 13
Suppose 3*z = 2*m + 101, 0 = -4*z + 4*m + m + 144. Let l be 1/(-4) - 414/(-24). Suppose 0 = f + 2*x - l, z = -f + 3*f + 5*x. What are the prime factors of f?
23
Suppose -2*p + 52 = -80. Suppose 2*h - 32 = p. Suppose 0 = c - h - 26. What are the prime factors of c?
3, 5
Let w(c) = 101*c**3 - 3*c**2 + 0*c**2 - 15*c - 102*c**3. What are the prime factors of w(-6)?
2, 3, 11
Suppose -5*h = 5*h + 100. Let n(y) = -y**3 - 13*y**2 - 52*y + 6. What are the prime factors of n(h)?
2, 113
Let s = -300 - -342. What are the prime factors of (446/(-4))/((-21)/s)?
223
What are the prime factors of 20/(-250) + 3/((-300)/(-488908))?
4889
Let k(r) = 48*r - 151. Let a be k(15). Suppose -a*c + 570*c - 1119 = 0. What are the prime factors of c?
3, 373
Let h = 47 - 47. Suppose -2*v - 4 = h, -3*v = -y + 27 + 22. Suppose -2*k = -4*x - 7*k + y, -3*k - 26 = -5*x. List the prime factors of x.
7
Suppose 642 = -j - 3449. Let p = j + 2267. List the prime factors of p/(-54) + (-2 - (-40)/18).
2, 17
Suppose -520 = 5*i + 3*r, -i = 4*r - 2*r + 97. Suppose 5*g = -3*v + 1490, 47*v = 43*v + 20. Let o = g + i. What are the prime factors of o?
2, 47
Let k(r) = -21*r**2 - 1096*r + 47. What are the prime factors of k(-47)?
2, 5, 11, 47
Let m be (-105)/(-20) - (-6)/8. Let w(t) = 24*t + 7. Let d(c) = 25*c + 6. Let v(l) = m*d(l) - 7*w(l). What are the prime factors of v(-7)?
113
Suppose -132 = -2*s + h, 9*h = -4*s + 4*h + 292. Let k = 84 - s. Let y = k - -48. What are the prime factors of y?
2
Let b be 12*(-4)/(-18)*3. Suppose 3*g - g - b = 0. Suppose g*i = -f + 110 + 2, -f = -2*i + 62. What are the prime factors of i?
29
Let c(m) = -3*m**3 - 5*m**2 - 5*m - 2. Let w be c(-1). What are the prime factors of w/(-6) + 9707/102?
5, 19
Let j(q) be the second derivative of -q**5/20 + 3*q**4/4 + 2*q**3 - 21*q**2/2 + q. Let o be 1/((-923)/117 - -8). What are the prime factors of j(o)?
3, 29
Suppose -104*b + 258411 = 36*b - 7229069. List the prime factors of b.
2, 11, 13, 17
Let y(r) = -53*r**3 - 7*r**2 - 115*r + 20. What are the prime factors of y(-7)?
18661
Let v = 52 - 113. Let n = 60 + v. List the prime factors of n - (2 + (0 - 4)) - -104.
3, 5, 7
Let d be (((1 - 2) + 1)/2)/(-1). Suppose -4*u + 348 + 448 = d. List the prime factors of u.
199
Suppose 21*c - 39*c = -11520. List the prime factors of c.
2, 5
Let i(h) = -33*h + 45 - 51 + 0*h**2 - h**2. List the prime factors of i(-23).
2, 7
Suppose -2*o = -382 + 2198. Let g = -597 - o. What are the prime factors of g?
311
Let o(x) = -4*x - 3. Let m be o(-1). Let j be -3 + m + (-19 - -21). Suppose 5*f + j*f - 380 = 0. List the prime factors of f.
2, 19
List the prime factors of (-4)/68 - (1 - (-3120020)/(-170)).
2, 31, 37
Suppose -16*u = -23*u + 21. Suppose 2*s - 2*p + 5*p = 48, 0 = u*s + 5*p - 70. What are the prime factors of s?
2, 3, 5
Let h(n) = -2*n + 25. Let r be h(15). Let p be ((-5)/(-3))/(r/(-15)). Suppose -5*a + 108 = -p*x - 67, 2*x = 6. List the prime factors of a.
2, 19
Suppose -3*c = -4*m + 7467 + 39106, 0 = 3*m + 5*c - 34966. What are the prime factors of m?
19, 613
Suppose 21*u - 25*u + 16 = 0. Let q(c) = c*